{"id":25582,"date":"2024-04-17T17:37:55","date_gmt":"2024-04-17T17:37:55","guid":{"rendered":"https:\/\/rentexsale.com\/?post_type=estate_agent&#038;p=25582"},"modified":"2025-06-09T12:31:18","modified_gmt":"2025-06-09T12:31:18","slug":"lucijamatuizo","status":"publish","type":"estate_agent","link":"https:\/\/rentexsale.com\/lt\/agent\/lucijamatuizo\/","title":{"rendered":"Liucija Matuizo"},"content":{"rendered":"<p>Esu Lucia Matuizo, RenteXsale \u012fk\u016br\u0117ja ir savinink\u0117, kurios karjera prasid\u0117jo 2001 m. Per pastaruosius 18 ir daugiau met\u0173 atsidaviau m\u016bs\u0173 nekilnojamojo turto verslo k\u016brimui ir valdymui L&#039;Albir mieste, kur taip pat vadovauju jo strateginiam tikslui. pl\u0117tra. Mano \u012fsipareigojimas \u012f numatym\u0105, strateginis m\u0105stymas ir aistra tobul\u0117jimui padar\u0117 mane pagrindiniu nekilnojamojo turto pramon\u0117s lyderiu.<\/p>\n<p>Be nekilnojamojo turto projekt\u0173 prie\u017ei\u016bros, teikiu auk\u0161\u010diausios klas\u0117s nuomos paslaugas ir konsultuoju, savo \u012ftakinga asmenybe ir giliomis pramon\u0117s \u012f\u017evalgomis i\u0161keliu auk\u0161tus klient\u0173 aptarnavimo standartus. Mano, kaip verslinink\u0117s, vaidmen\u012f palaiko puiki komanda. Jie yra kvalifikuoti, patyr\u0119 ir dalijasi \u012fsipareigojimu m\u016bs\u0173 klientams, tiksliai ir r\u016bpestingai sprend\u017eia kiekvien\u0105 u\u017eklaus\u0105. Kartu u\u017etikrintai ir patikimai vykdome sud\u0117tingus projektus, nustatydami nekilnojamojo turto praktikos ateities tendencijas.<\/p>","protected":false},"excerpt":{"rendered":"<p>I am Lucia Matuizo, the founder and owner of RenteXsale, with a career that began in 2001. Over the past 18+ years, I have dedicated myself to building and managing our real estate business in L&#8217;Albir, where I also guide its strategic development. My commitment to foresight, strategic thinking, and a passion for excellence has established me as a key leader in the real &#8230;<\/p>","protected":false},"featured_media":25979,"comment_status":"open","ping_status":"closed","template":"","property_category_agent":[69],"property_action_category_agent":[40],"property_city_agent":[136],"property_area_agent":[],"property_county_state_agent":[152],"class_list":["post-25582","estate_agent","type-estate_agent","status-publish","has-post-thumbnail","hentry","property_category_agent-residential","property_action_category_agent-commercial","property_city_agent-el-albir","property_county_state_agent-spain"],"aioseo_notices":[],"_links":{"self":[{"href":"https:\/\/rentexsale.com\/lt\/wp-json\/wp\/v2\/estate_agent\/25582","targetHints":{"allow":["GET"]}}],"collection":[{"href":"https:\/\/rentexsale.com\/lt\/wp-json\/wp\/v2\/estate_agent"}],"about":[{"href":"https:\/\/rentexsale.com\/lt\/wp-json\/wp\/v2\/types\/estate_agent"}],"replies":[{"embeddable":true,"href":"https:\/\/rentexsale.com\/lt\/wp-json\/wp\/v2\/comments?post=25582"}],"wp:featuredmedia":[{"embeddable":true,"href":"https:\/\/rentexsale.com\/lt\/wp-json\/wp\/v2\/media\/25979"}],"wp:attachment":[{"href":"https:\/\/rentexsale.com\/lt\/wp-json\/wp\/v2\/media?parent=25582"}],"wp:term":[{"taxonomy":"property_category_agent","embeddable":true,"href":"https:\/\/rentexsale.com\/lt\/wp-json\/wp\/v2\/property_category_agent?post=25582"},{"taxonomy":"property_action_category_agent","embeddable":true,"href":"https:\/\/rentexsale.com\/lt\/wp-json\/wp\/v2\/property_action_category_agent?post=25582"},{"taxonomy":"property_city_agent","embeddable":true,"href":"https:\/\/rentexsale.com\/lt\/wp-json\/wp\/v2\/property_city_agent?post=25582"},{"taxonomy":"property_area_agent","embeddable":true,"href":"https:\/\/rentexsale.com\/lt\/wp-json\/wp\/v2\/property_area_agent?post=25582"},{"taxonomy":"property_county_state_agent","embeddable":true,"href":"https:\/\/rentexsale.com\/lt\/wp-json\/wp\/v2\/property_county_state_agent?post=25582"}],"curies":[{"name":"wp","href":"https:\/\/api.w.org\/{rel}","templated":true}]}}

<p>Esu Lucia Matuizo, RenteXsale įkūrėja ir savininkė, kurios karjera prasidėjo 2001 m. Per pastaruosius 18 ir daugiau metų atsidaviau mūsų nekilnojamojo turto verslo kūrimui ir valdymui L&#039;Albir mieste, kur taip pat vadovauju jo strateginiam tikslui. plėtra. Mano įsipareigojimas į numatymą, strateginis mąstymas ir aistra tobulėjimui padarė mane pagrindiniu nekilnojamojo turto pramonės lyderiu.</p>
<p>Be nekilnojamojo turto projektų priežiūros, teikiu aukščiausios klasės nuomos paslaugas ir konsultuoju, savo įtakinga asmenybe ir giliomis pramonės įžvalgomis iškeliu aukštus klientų aptarnavimo standartus. Mano, kaip verslininkės, vaidmenį palaiko puiki komanda. Jie yra kvalifikuoti, patyrę ir dalijasi įsipareigojimu mūsų klientams, tiksliai ir rūpestingai sprendžia kiekvieną užklausą. Kartu užtikrintai ir patikimai vykdome sudėtingus projektus, nustatydami nekilnojamojo turto praktikos ateities tendencijas.</p>
